{"id":203,"date":"2015-05-25T12:55:10","date_gmt":"2015-05-25T12:55:10","guid":{"rendered":"http:\/\/quanticalabs.com\/wptest\/carservice\/?page_id=203"},"modified":"2021-02-19T18:23:21","modified_gmt":"2021-02-19T18:23:21","slug":"nosotros","status":"publish","type":"page","link":"https:\/\/www.canasaro.com\/2021\/nosotros\/","title":{"rendered":"Nosotros"},"content":{"rendered":"<p>[vc_row el_class=&#8221;margin-top-70&#8243;][vc_column width=&#8221;1\/2&#8243;][vc_column_text el_class=&#8221;description margin-top-0&#8243;]MISION<\/p>\n<p>Ser una empresa l\u00edder en ventas , servicio y mantenimiento de equipos para la industria , manejando valores ecol\u00f3gicos ,altos est\u00e1ndares de calidad\u00a0 y precio competitivo en el mercado.<\/p>\n<p>&nbsp;<\/p>\n<p>VISION<\/p>\n<p>Ser una empresa que proporcione productos que solucionen las necesidades e la industria, retribuyendo a socios y empleados con los beneficios mas altos posibles , trabajando con los mejores proveedores del sector , d\u00e1ndoles a nuestros clientes los mejores productos y servicios a un precio justo y competitivo.<\/p>\n<p>&nbsp;<\/p>\n<p>VALORES<\/p>\n<p>Respeto , Honestidad , Confianza y Lealtad.[\/vc_column_text][vc_column_text]Grupo industrial canasaro , empresa 100% mexicana , abri\u00f3\u00a0 sus puertas en mayo de 1995<\/p>\n<p>Con 3 personas , Nahum chan , Rodrigo Soriano y Salvador Rivera y tenia el nombre de Comercializadora El Carmen.<\/p>\n<p>Con la firme idea de dar un mejor servicio de postventa de los equipos de la l\u00ednea automotriz\u00a0 , fabricar equipos mexicanos con la mejor calidad Y tener refacciones para todos los equipos que se comercializaran en mexico<\/p>\n<p>&nbsp;<\/p>\n<p>Despues de algunos a\u00f1os se unio al equipo la Sra Carmen Mendoza por la necesidad de administrar mejor los recursos.<\/p>\n<p>En el a\u00f1o 2015 se decidio cambiar el nombre y ah\u00ed es cuando nace el nombre de grupo industrial canasaro, tomando las dos primeras letras de las 4 personas que empezaron la compa\u00f1\u00eda .<\/p>\n<p>CA RMEN<\/p>\n<p>NA HUM<\/p>\n<p>SA LVADOR<\/p>\n<p>RO DRIGO<\/p>\n<p>\u201cCANASARO\u201d[\/vc_column_text][\/vc_column][vc_column width=&#8221;1\/2&#8243;][vc_single_image image=&#8221;1779&#8243; img_size=&#8221;gallery-thumb&#8221; onclick=&#8221;img_link_large&#8221; el_class=&#8221;cs-lightbox&#8221;][vc_row_inner el_class=&#8221;margin-top-30&#8243;][vc_column_inner width=&#8221;1\/2&#8243;][vc_single_image image=&#8221;1766&#8243; img_size=&#8221;medium-thumb&#8221; onclick=&#8221;img_link_large&#8221; el_class=&#8221;cs-lightbox&#8221;][\/vc_column_inner][vc_column_inner width=&#8221;1\/2&#8243;][vc_single_image image=&#8221;1762&#8243; img_size=&#8221;medium-thumb&#8221; onclick=&#8221;img_link_large&#8221; el_class=&#8221;cs-lightbox&#8221;][\/vc_column_inner][\/vc_row_inner][vc_row_inner][vc_column_inner][vc_single_image image=&#8221;1753&#8243; img_size=&#8221;gallery-thumb&#8221; onclick=&#8221;img_link_large&#8221; el_class=&#8221;margin-top-30&#8243;][\/vc_column_inner][\/vc_row_inner][vc_row_inner el_class=&#8221;margin-top-30&#8243;][vc_column_inner width=&#8221;1\/2&#8243;][vc_single_image image=&#8221;1751&#8243; img_size=&#8221;medium-thumb&#8221; onclick=&#8221;img_link_large&#8221; el_class=&#8221;cs-lightbox&#8221;][\/vc_column_inner][vc_column_inner width=&#8221;1\/2&#8243;][vc_single_image image=&#8221;1751&#8243; img_size=&#8221;medium-thumb&#8221; onclick=&#8221;img_link_large&#8221; el_class=&#8221;cs-lightbox&#8221;][\/vc_column_inner][\/vc_row_inner][\/vc_column][\/vc_row][vc_row type=&#8221;full-width&#8221; top_margin=&#8221;page-margin-top-section&#8221; el_class=&#8221;padding-top-70 page-padding-top padding-bottom-66&#8243; css=&#8221;.vc_custom_1440581335043{background-color: #f5f5f5 !important;}&#8221;][vc_column][vc_row_inner][vc_column_inner el_class=&#8221;align-center&#8221; width=&#8221;1\/4&#8243;]<div class=\"feature-item with-counter\"><span class=\"number animated-element\" data-value=\"100\"><\/span><span class=\"number sign\">%<\/span><h5>SATISFACCI\u00d3N<\/h5><\/div>[\/vc_column_inner][vc_column_inner el_class=&#8221;align-center&#8221; width=&#8221;1\/4&#8243;]<div class=\"feature-item with-counter\"><span class=\"number animated-element\" data-value=\"40\"><\/span><h5>A\u00d1OS DE EXPERIENCIA<\/h5><\/div>[\/vc_column_inner][vc_column_inner el_class=&#8221;align-center&#8221; width=&#8221;1\/4&#8243;]<div class=\"feature-item with-counter\"><span class=\"number animated-element\" data-value=\"16450\"><\/span><h5>EQUIPOS FABRICADOS<\/h5><\/div>[\/vc_column_inner][vc_column_inner el_class=&#8221;align-center&#8221; width=&#8221;1\/4&#8243;]<div class=\"feature-item with-counter\"><span class=\"number animated-element\" data-value=\"100\"><\/span><h5>EMPRESA MEXICANA<\/h5><\/div>[\/vc_column_inner][\/vc_row_inner][\/vc_column][\/vc_row][vc_row type=&#8221;full-width cs-parallax&#8221; css=&#8221;.vc_custom_1608313289629{background-image: url(http:\/\/www.canasaro.com\/2021\/wp-content\/uploads\/2020\/12\/female-repairing-a-car-NL8VT2V-scaled.jpg?id=1762) !important;background-position: center !important;background-repeat: no-repeat !important;background-size: contain !important;}&#8221; el_class=&#8221;padding-top-70 padding-bottom-66&#8243;][vc_column][vc_row_inner][vc_column_inner]<div class=\"testimonials-container type-big\"><a href=\"#\" class=\"slider-control left template-arrow-left-1\"><\/a><ul class=\"testimonials-list autoplay-1 pause_on_hover-1 scroll-1 effect-scroll easing-easeInOutQuint duration-1500\"><li>\r\n\t\t\t\t\t<div class=\"hexagon small\"><div class=\"sl-small-pen\"><\/div><\/div>\r\n\t\t\t\t\t<p>\"La calidad de los equipos y el servicio que nos han brindado excede todas las expectativas\"<\/p>\r\n\t\t\t\t\t\r\n\t\t\t\t\t<div class=\"author-details-box\">\r\n\t\t\t\t\t<h6>Gus Rivera -MTBB<\/h6>\r\n\t\t\t\t\t\r\n\t\t\t\t\t<\/div>\r\n\t\t\t\t<\/li><li>\r\n\t\t\t\t\t<div class=\"hexagon small\"><div class=\"sl-small-pen\"><\/div><\/div>\r\n\t\t\t\t\t<p>\"La atenci\u00f3n en los servicios de mantenimiento es una maravilla, siempre atentos al detalle nos mantienen informados de los servicios que necesitan nuestros equipos.\"<\/p>\r\n\t\t\t\t\t\r\n\t\t\t\t\t<div class=\"author-details-box\">\r\n\t\t\t\t\t<h6>Jose Guevara<\/h6>\r\n\t\t\t\t\t\r\n\t\t\t\t\t<\/div>\r\n\t\t\t\t<\/li><li>\r\n\t\t\t\t\t<div class=\"hexagon small\"><div class=\"sl-small-pen\"><\/div><\/div>\r\n\t\t\t\t\t<p>\"Los carros de herramientas son de la mejor calidad suepr robustos y de excelente fabricacion..\"<\/p>\r\n\t\t\t\t\t\r\n\t\t\t\t\t<div class=\"author-details-box\">\r\n\t\t\t\t\t<h6>Arcadio Herrera<\/h6>\r\n\t\t\t\t\t\r\n\t\t\t\t\t<\/div>\r\n\t\t\t\t<\/li><\/ul><a href=\"#\" class=\"slider-control right template-arrow-left-1\"><\/a><\/div>[\/vc_column_inner][\/vc_row_inner][\/vc_column][\/vc_row][vc_row top_margin=&#8221;page-margin-top-section&#8221; el_class=&#8221;padding-bottom-66&#8243;][vc_column]<h2 class=\" box-header\">ALGUNOS DE NUESTROS CLIENTES<\/h2><div class=\"our-clients-list-container page-margin-top-section type-carousel\">\r\n\t\t\t\t\t<ul class=\"our-clients-list autoplay-1 type-carousel\"><li><img loading=\"lazy\" decoding=\"async\" width=\"170\" height=\"120\" src=\"https:\/\/www.canasaro.com\/2021\/wp-content\/uploads\/2021\/02\/LOGOS-CLIENTES-CANASARO-_0005_Dodge-logo-2011-3840x2160-1.jpg\" class=\"attachment-full size-full\" alt=\"\" \/><\/li><li><img loading=\"lazy\" decoding=\"async\" width=\"170\" height=\"120\" src=\"https:\/\/www.canasaro.com\/2021\/wp-content\/uploads\/2021\/02\/LOGOS-CLIENTES-CANASARO-_0004_Fiat-logo-2006-1920x1080-1.jpg\" class=\"attachment-full size-full\" alt=\"\" \/><\/li><li><img loading=\"lazy\" decoding=\"async\" width=\"170\" height=\"120\" src=\"https:\/\/www.canasaro.com\/2021\/wp-content\/uploads\/2021\/02\/LOGOS-CLIENTES-CANASARO-_0003_ford-logo-2017.jpg\" class=\"attachment-full size-full\" alt=\"\" \/><\/li><li><img loading=\"lazy\" decoding=\"async\" width=\"170\" height=\"120\" src=\"https:\/\/www.canasaro.com\/2021\/wp-content\/uploads\/2021\/02\/LOGOS-CLIENTES-CANASARO-_0002_General-Motors-logo-2010-3300x3300-1.jpg\" class=\"attachment-full size-full\" alt=\"\" \/><\/li><li><img loading=\"lazy\" decoding=\"async\" width=\"170\" height=\"120\" src=\"https:\/\/www.canasaro.com\/2021\/wp-content\/uploads\/2021\/02\/LOGOS-CLIENTES-CANASARO-_0001_GMC-logo-3800x1000-1.jpg\" class=\"attachment-full size-full\" alt=\"\" \/><\/li><li><img loading=\"lazy\" decoding=\"async\" width=\"170\" height=\"120\" src=\"https:\/\/www.canasaro.com\/2021\/wp-content\/uploads\/2021\/02\/LOGOS-CLIENTES-CANASARO-_0000_goodyear-logo-3000x900-1.jpg\" class=\"attachment-full size-full\" alt=\"\" \/><\/li><li><img loading=\"lazy\" decoding=\"async\" width=\"170\" height=\"120\" src=\"https:\/\/www.canasaro.com\/2021\/wp-content\/uploads\/2021\/02\/LOGOS-CLIENTES-CANASARO-_0025_honda-logo-1700x1150-1.jpg\" class=\"attachment-full size-full\" alt=\"\" \/><\/li><li><img loading=\"lazy\" decoding=\"async\" width=\"170\" height=\"120\" src=\"https:\/\/www.canasaro.com\/2021\/wp-content\/uploads\/2021\/02\/LOGOS-CLIENTES-CANASARO-_0024_Jaguar-symbol-green-640x326-1.jpg\" class=\"attachment-full size-full\" alt=\"\" \/><\/li><li><img loading=\"lazy\" decoding=\"async\" width=\"170\" height=\"120\" src=\"https:\/\/www.canasaro.com\/2021\/wp-content\/uploads\/2021\/02\/LOGOS-CLIENTES-CANASARO-_0023_Jeep-logo-3D-2560x1440-1.jpg\" class=\"attachment-full size-full\" alt=\"\" \/><\/li><li><img loading=\"lazy\" decoding=\"async\" width=\"170\" height=\"120\" src=\"https:\/\/www.canasaro.com\/2021\/wp-content\/uploads\/2021\/02\/LOGOS-CLIENTES-CANASARO-_0011_Volkswagen-logo-2015-1920x1080-1.jpg\" class=\"attachment-full size-full\" alt=\"\" \/><\/li><li><img loading=\"lazy\" decoding=\"async\" width=\"170\" height=\"120\" src=\"https:\/\/www.canasaro.com\/2021\/wp-content\/uploads\/2021\/02\/LOGOS-CLIENTES-CANASARO-_0012_toyota-logo-2019-3700x1200-1.jpg\" class=\"attachment-full size-full\" alt=\"\" \/><\/li><li><img loading=\"lazy\" decoding=\"async\" width=\"170\" height=\"120\" src=\"https:\/\/www.canasaro.com\/2021\/wp-content\/uploads\/2021\/02\/LOGOS-CLIENTES-CANASARO-_0013_Suzuki-logo-6500x1400-1.jpg\" class=\"attachment-full size-full\" alt=\"\" \/><\/li><li><img loading=\"lazy\" decoding=\"async\" width=\"170\" height=\"120\" src=\"https:\/\/www.canasaro.com\/2021\/wp-content\/uploads\/2021\/02\/LOGOS-CLIENTES-CANASARO-_0014_SEAT-logo-2012-6000x5000-1.jpg\" class=\"attachment-full size-full\" alt=\"\" \/><\/li><li><img loading=\"lazy\" decoding=\"async\" width=\"170\" height=\"120\" src=\"https:\/\/www.canasaro.com\/2021\/wp-content\/uploads\/2021\/02\/LOGOS-CLIENTES-CANASARO-_0015_Peugeot-logo-2010-1920x1080-1.jpg\" class=\"attachment-full size-full\" alt=\"\" \/><\/li><li><img loading=\"lazy\" decoding=\"async\" width=\"170\" height=\"120\" src=\"https:\/\/www.canasaro.com\/2021\/wp-content\/uploads\/2021\/02\/LOGOS-CLIENTES-CANASARO-_0016_nissan-logo-2013-700x700-1.jpg\" class=\"attachment-full size-full\" alt=\"\" \/><\/li><li><img loading=\"lazy\" decoding=\"async\" width=\"170\" height=\"120\" src=\"https:\/\/www.canasaro.com\/2021\/wp-content\/uploads\/2021\/02\/LOGOS-CLIENTES-CANASARO-_0017_Mitsubishi-logo-640x550-1.jpg\" class=\"attachment-full size-full\" alt=\"\" \/><\/li><li><img loading=\"lazy\" decoding=\"async\" width=\"170\" height=\"120\" src=\"https:\/\/www.canasaro.com\/2021\/wp-content\/uploads\/2021\/02\/LOGOS-CLIENTES-CANASARO-_0018_Mini-logo-2001-1920x1080-1.jpg\" class=\"attachment-full size-full\" alt=\"\" \/><\/li><li><img loading=\"lazy\" decoding=\"async\" width=\"170\" height=\"120\" src=\"https:\/\/www.canasaro.com\/2021\/wp-content\/uploads\/2021\/02\/LOGOS-CLIENTES-CANASARO-_0019_michelin-logo-1900x450-1.jpg\" class=\"attachment-full size-full\" alt=\"\" \/><\/li><li><img loading=\"lazy\" decoding=\"async\" width=\"170\" height=\"120\" src=\"https:\/\/www.canasaro.com\/2021\/wp-content\/uploads\/2021\/02\/LOGOS-CLIENTES-CANASARO-_0006_DINA-logo-1366x768-1.jpg\" class=\"attachment-full size-full\" alt=\"\" \/><\/li><li><img loading=\"lazy\" decoding=\"async\" width=\"170\" height=\"120\" src=\"https:\/\/www.canasaro.com\/2021\/wp-content\/uploads\/2021\/02\/LOGOS-CLIENTES-CANASARO-_0007_continental-logo-black-show.jpg\" class=\"attachment-full size-full\" alt=\"\" \/><\/li><li><img loading=\"lazy\" decoding=\"async\" width=\"170\" height=\"120\" src=\"https:\/\/www.canasaro.com\/2021\/wp-content\/uploads\/2021\/02\/LOGOS-CLIENTES-CANASARO-_0020_Mercedes-Benz-logo-2011-1920x1080-1.jpg\" class=\"attachment-full size-full\" alt=\"\" \/><\/li><li><img loading=\"lazy\" decoding=\"async\" width=\"170\" height=\"120\" src=\"https:\/\/www.canasaro.com\/2021\/wp-content\/uploads\/2021\/02\/LOGOS-CLIENTES-CANASARO-_0021_Mazda-logo-1997-1920x1080-1.jpg\" class=\"attachment-full size-full\" alt=\"\" \/><\/li><li><img loading=\"lazy\" decoding=\"async\" width=\"170\" height=\"120\" src=\"https:\/\/www.canasaro.com\/2021\/wp-content\/uploads\/2021\/02\/LOGOS-CLIENTES-CANASARO-_0008_Chrysler-logo-1998-1920x1080-1.jpg\" class=\"attachment-full size-full\" alt=\"\" \/><\/li><li><img loading=\"lazy\" decoding=\"async\" width=\"170\" height=\"120\" src=\"https:\/\/www.canasaro.com\/2021\/wp-content\/uploads\/2021\/02\/LOGOS-CLIENTES-CANASARO-_0009_bridgestone-logo-5500x1200-1.jpg\" class=\"attachment-full size-full\" alt=\"\" \/><\/li><li><img loading=\"lazy\" decoding=\"async\" width=\"170\" height=\"120\" src=\"https:\/\/www.canasaro.com\/2021\/wp-content\/uploads\/2021\/02\/LOGOS-CLIENTES-CANASARO-_0022_Land-Rover-logo-2011-1920x1080-1.jpg\" class=\"attachment-full size-full\" alt=\"\" \/><\/li><\/ul><\/div>[\/vc_column][\/vc_row]<\/p>\n","protected":false},"excerpt":{"rendered":"<p>[vc_row el_class=&#8221;margin-top-70&#8243;][vc_column width=&#8221;1\/2&#8243;][vc_column_text el_class=&#8221;description margin-top-0&#8243;]MISION Ser una empresa l\u00edder en ventas , servicio y mantenimiento de equipos para la industria , manejando valores ecol\u00f3gicos ,altos est\u00e1ndares de calidad\u00a0 y precio competitivo en el mercado. &nbsp; VISION Ser una empresa que proporcione productos que solucionen las necesidades e la industria, retribuyendo a socios y empleados con<\/p>\n","protected":false},"author":1,"featured_media":0,"parent":0,"menu_order":0,"comment_status":"closed","ping_status":"open","template":"","meta":{"footnotes":""},"class_list":["post-203","page","type-page","status-publish","hentry"],"_links":{"self":[{"href":"https:\/\/www.canasaro.com\/2021\/wp-json\/wp\/v2\/pages\/203","targetHints":{"allow":["GET"]}}],"collection":[{"href":"https:\/\/www.canasaro.com\/2021\/wp-json\/wp\/v2\/pages"}],"about":[{"href":"https:\/\/www.canasaro.com\/2021\/wp-json\/wp\/v2\/types\/page"}],"author":[{"embeddable":true,"href":"https:\/\/www.canasaro.com\/2021\/wp-json\/wp\/v2\/users\/1"}],"replies":[{"embeddable":true,"href":"https:\/\/www.canasaro.com\/2021\/wp-json\/wp\/v2\/comments?post=203"}],"version-history":[{"count":21,"href":"https:\/\/www.canasaro.com\/2021\/wp-json\/wp\/v2\/pages\/203\/revisions"}],"predecessor-version":[{"id":2231,"href":"https:\/\/www.canasaro.com\/2021\/wp-json\/wp\/v2\/pages\/203\/revisions\/2231"}],"wp:attachment":[{"href":"https:\/\/www.canasaro.com\/2021\/wp-json\/wp\/v2\/media?parent=203"}],"curies":[{"name":"wp","href":"https:\/\/api.w.org\/{rel}","templated":true}]}}